 22 - 7*a - 28*a + 41. What is the remainder when q(-2) is divided by 14?
13
Let t = -206 - -313. What is the remainder when t is divided by 14?
9
Suppose 6*j - 3300 = 8124. What is the remainder when j/63 + 4/(-18) is divided by 11?
8
Let m(g) = -2*g**2 + 23*g - 9. Calculate the remainder when 213 is divided by m(10).
3
Let c(f) = f. Let b(v) = -7*v + 11. Let h(n) = b(n) + 4*c(n). Let a be h(12). What is the remainder when (45/a)/((-3)/10) is divided by 4?
2
Let w = -11 - -32. Suppose 0 = 7*l - 10*l + 207. Let n = 77 - l. What is the remainder when w is divided by n?
5
Let a = 2 + 15. Let m(k) = k**2 + 15*k + 20. Let d be m(-17). Suppose 2*v + d = n, -5*v = -2*v + 6. Calculate the remainder when n is divided by a.
16
Let m(z) = 3*z**2 - 41. What is the remainder when 1867 is divided by m(-5)?
31
What is the remainder when -2*(-1)/(-10) + 18508/140 is divided by 43?
3
Let w = -260 + 366. Calculate the remainder when w is divided by 27.
25
Suppose -2*b + 0 = 6. Let r(s) = -2*s + 6. Calculate the remainder when 95 is divided by r(b).
11
Let g = -376 + 427. Calculate the remainder when 96 is divided by g.
45
Suppose 5*f + 2*z = 3*z + 48, 39 = 3*f - 4*z. Calculate the remainder when -4 - 0/4 - -64 is divided by f + -7 + 14 + 0.
12
Suppose -w - 3*w + 76 = 0. Suppose -2*x - 2*x + 76 = 0. Suppose -2*m - x = -129. What is the remainder when m is divided by w?
17
Let m(r) = -r + 6. Let n = 20 + -16. Let x be m(n). Suppose 4*i - 2*i - 94 = 5*s, x*s + 45 = i. What is the remainder when i is divided by 13?
11
Suppose -l = -4*l + 60. Calculate the remainder when l is divided by 30/80 - ((-159)/8)/3.
6
Let b = 91 + -60. Let g = b - -46. Calculate the remainder when g is divided by 16.
13
Suppose 928 + 2049 = 13*x. What is the remainder when x is divided by 59?
52
Let a = -25 + 31. Suppose -a = 3*v, -5*g + v = -2*g - 83. Calculate the remainder when 107 is divided by g.
26
Let v be 54/10 + (-12)/30. Suppose 4*p - 5*a = -136, a + 3*a - 170 = v*p. Let n = p - -56. Calculate the remainder when 87 is divided by n.
21
Suppose 23 = -4*h + 11. Let z(w) = -12*w + 15. Calculate the remainder when z(h) is divided by 26.
25
Let o = 349 + -171. Calculate the remainder when o is divided by 60.
58
Let h = -9 + 4. Suppose -16*q + 11*q + 115 = 0. Let r = h + q. Calculate the remainder when r is divided by 5.
3
Suppose -3*g - 3*o + 18 = 0, 4*g - 39 = 2*o - o. Suppose 13*u - g*u = 60. Calculate the remainder when u is divided by 8.
7
Suppose -2*r + 4*u - 8 = 24, r + 21 = 3*u. Let i(l) = -6*l + 31. Let w be i(5). What is the remainder when 85 is divided by (-4 - r) + 19 + w?
19
Let g(u) = u**2 - 5*u - 41. Calculate the remainder when g(13) is divided by (-6)/(-4) + 82/4.
19
Let n = -122 - -151. Calculate the remainder when 170 is divided by n.
25
Let z = 166 + -75. Suppose 2*i = -1 + z. Suppose -9 = -6*s + i. What is the remainder when s is divided by 5?
4
Let u(o) = 11*o + 145. Calculate the remainder when u(-9) is divided by 18.
10
Let n(b) = -b**2 + b + 5. Let s(f) = 47*f**2 - 2*f. Let r be s(1). Calculate the remainder when (r/(-3))/(-1) - -3 is divided by n(0).
3
Let u(z) = -z**2 - 12*z - 5. Let d be 8/12 - (-33)/(-9). Let m be -25*8/(-60)*d. What is the remainder when u(m) is divided by 4?
3
Let c = -117 + 122. Let f(s) = -s + 16. What is the remainder when f(7) is divided by c?
4
Let t(j) = 53*j**2 + 80*j - 3. Calculate the remainder when t(-4) is divided by 76.
69
Suppose -115559 = 18*v - 91*v. What is the remainder when v is divided by 61?
58
Let l(b) = -2*b + 72. Calculate the remainder when l(5) is divided by 22.
18
Suppose 0 = 105*g - 87*g - 12186. What is the remainder when g is divided by 17?
14
Suppose t = -j + 259, j + 789 = -419*t + 422*t. What is the remainder when t is divided by 19?
15
Calculate the remainder when 1009 is divided by (-32)/20*((-165)/6 - 0).
41
Let x(s) = 25*s - 157. Calculate the remainder when 60 is divided by x(7).
6
Let o(s) = 10*s**3 + 3*s**2 - 6*s + 4. What is the remainder when 315 is divided by o(1)?
7
Let h = -768 + 794. What is the remainder when 284 is divided by h?
24
Let k = -160 - -169. What is the remainder when 15 is divided by k?
6
Let u = 222 + -218. Suppose 0 = -2*h - 0*h + 32. Calculate the remainder when h is divided by u.
0
Let o = 242 - 86. Suppose -o = -2*u - 4*u. Calculate the remainder when u is divided by 7.
5
Suppose 323 = -4*i - 101. Let z = 148 + i. What is the remainder when 161 is divided by z?
35
Let g = 258 - -405. Calculate the remainder when g is divided by 83.
82
Suppose -2*b = 2, 0*q - 3*b - 36 = -3*q. Suppose -53*s - 11*s + 2528 = 15*s. Calculate the remainder when s is divided by q.
10
Let x be 14/126 + (-29)/18*-8. Suppose 4*z - 42 = -j + x, -65 = -5*z - 2*j. Calculate the remainder when 117 is divided by z.
12
Suppose -u + 2*r = -18, -6*u + u = -r - 45. Let x = 3 - u. Let n(y) = y**2 + 6*y + 12. What is the remainder when 24 is divided by n(x)?
3
Let k be ((-117)/2)/(1/(-8)). Let o be 6/(k/152 + -3). Suppose 5*p = p + o. Calculate the remainder when p is divided by 5.
4
Let q(v) = 33*v - 1. Let r(k) = 77*k - 44. Calculate the remainder when q(3) is divided by r(1).
32
Suppose -5*o + c = -247, -o = 2*o + 2*c - 156. Let z = o - 35. Calculate the remainder when z is divided by 9.
6
Let r(f) = -12*f**3 + f + 1. Suppose -2*s = s + 6. Let z = 1 + s. Calculate the remainder when r(z) is divided by 5.
2
Let o(m) = -25*m - 1. Let i(b) = 3*b. Let c(z) = -51*i(z) - 6*o(z). Calculate the remainder when 16 is divided by c(0).
4
Let y(p) = 3*p**2 - 30*p + 60. Calculate the remainder when y(15) is divided by 12.
9
Let i = 32 - 12. What is the remainder when 5/(4/9*5/i) is divided by 12?
9
Let v = -54 - -25. Let d = 31 + v. Suppose -x - d*x = -60. Calculate the remainder when 76 is divided by x.
16
Let r be (-2 - -123) + -1 + 0. Suppose -3*y + 570 = 564. Suppose 0 = -7*d + y*d + r. Calculate the remainder when 94 is divided by d.
22
Let p = 154 + -103. What is the remainder when 200 is divided by p?
47
Suppose 15*o - 18*o + 18 = 0. Calculate the remainder when -46*(o*5/10 + -4) is divided by 2/(-5) + 124/10.
10
Let f(c) = -c - 1. Let y be f(-3). Suppose 0 = -4*l - 4*h + 580, -5*h = -0*l + y*l - 284. Calculate the remainder when l is divided by 10.
7
Let c be ((-1)/(-2))/(2/8). Let l = 470 - 473. Calculate the remainder when 10 + 4/c + l is divided by 4.
1
Suppose 0 = 4*l - l - 5*c - 31, -2*c - 4 = 3*l. Suppose -l*p - 462 = -3*x - 5*p, -5*x + 4*p = -743. Calculate the remainder when x is divided by 17.
15
Suppose 26*q - 17*q - 18 = 0. Suppose -5*b - 69 = -q*p, -4*p + 123 = b - 6*b. Calculate the remainder when 78 is divided by p.
24
Suppose 3*p + 4 = 4*p. Suppose 70 = p*o + 2*z, 5*o - 3*z = 2*z + 125. Calculate the remainder when o is divided by 12.
8
Suppose -2*n + 9 = 21. Let y(r) = -r**2 + 13*r - 17. Calculate the remainder when (-8)/n*51 - 1 is divided by y(5).
21
What is the remainder when 154 is divided by 945/75 - (0 - 6/(-10))?
10
Let i = 36 + -13. Let w = -22 + i. Calculate the remainder when 20 - (-2)/1*w is divided by 8.
6
Let s(c) = 193*c - 4. Let o be s(1). Suppose -9*d + 12*d = o. Calculate the remainder when d is divided by 22.
19
Suppose -5*g + g - 160 = 0. Calculate the remainder when 32 is divided by ((-16)/g)/(1/30).
8
Let y(x) = -x**3 - 4*x**2 + 9*x - 7. Suppose -52 = -3*t + 68. Calculate the remainder when t is divided by y(-6).
7
Let z(j) = -6 + 0 + 4 + 0 - 5*j. Suppose -3*o - 1 = -t - 0*o, 2*t + 4 = 3*o. Calculate the remainder when z(t) is divided by 13.
10
Suppose -4 = c - 3*h, 7 = c - 5*c + 3*h. Let m(f) = 27*f**2. Let w be m(c). Calculate the remainder when (-4)/18 - (-1302)/w is divided by 25.
23
Let c(a) = -4*a**2 - 1 - a**3 - 2*a + 0*a - 5. Let q be c(-4). Suppose -3*b + 74 = -q*g + 13, -12 = -b - g. Calculate the remainder when 48 is divided by b.
14
What is the remainder when -1*-2*1254/12 is divided by 53?
50
Suppose u - m = 5*u - 39, -m - 41 = -4*u. Let f be (-9)/(-45) - (-398)/10. Let j = f + -11. What is the remainder when j is divided by u?
9
Let g be 4/(-12) + (0 - (-84)/(-18)). Let k be (1 - 1) + -27*1. Calculate the remainder when 13 is divided by k/45 - 43/g.
5
Suppose -1150 = 320*u - 345*u. What is the remainder when 91 is divided by u?
45
Calculate the remainder when 13